er?
True
Is 6416297 a composite number?
True
Is 10580371 a prime number?
False
Is 8441009 composite?
False
Is 20970263 composite?
True
Is 50408173 prime?
True
Is 360407 prime?
True
Is 1943131 prime?
True
Is 6226379 a composite number?
False
Is 3373133 composite?
True
Is 1383359 composite?
False
Is 2419553 a composite number?
False
Is 5770001 a composite number?
False
Is 4905317 prime?
True
Is 1220033 a prime number?
False
Is 16067593 prime?
False
Is 4532683 a composite number?
False
Is 16170647 prime?
True
Is 110857 composite?
True
Is 100102253 a composite number?
False
Is 294709 composite?
True
Is 372749879 a prime number?
True
Is 822441302 composite?
True
Is 626361 prime?
False
Is 2226871 a composite number?
True
Is 530143 composite?
False
Is 8330207 a prime number?
True
Is 83095279 prime?
False
Is 163967 prime?
False
Is 50717321 composite?
True
Is 22268671 a prime number?
True
Is 5571883 composite?
True
Is 31304521 a prime number?
False
Is 1378129 a prime number?
True
Is 236393 prime?
False
Is 3778189 prime?
False
Is 2255947 composite?
False
Is 22235611 a composite number?
False
Is 7020821 a composite number?
False
Is 32652077 prime?
True
Is 9580159 a composite number?
True
Is 744739 a composite number?
False
Is 14793389 prime?
False
Is 121724051 prime?
False
Is 1792849 composite?
False
Is 383477043 a composite number?
True
Is 150389059 a composite number?
True
Is 3665489 a composite number?
True
Is 370110983 a composite number?
True
Is 586591 prime?
False
Is 389059289 a prime number?
True
Is 1676221 prime?
True
Is 32048153 a composite number?
False
Is 119573345 prime?
False
Is 16142453 prime?
False
Is 11710949 a composite number?
False
Is 54218579 composite?
True
Is 36846521 a composite number?
False
Is 5942327 prime?
False
Is 11024969 composite?
False
Is 1421347 a prime number?
False
Is 216219 composite?
True
Is 10950259 a composite number?
True
Is 57143657 a prime number?
True
Is 4270813 a composite number?
True
Is 107396219 a prime number?
False
Is 5102377 a composite number?
True
Is 66291469 a composite number?
False
Is 99230923 a prime number?
False
Is 8317093 prime?
True
Is 21413479 prime?
True
Is 1812953 composite?
True
Is 17776646 prime?
False
Is 1759333 a prime number?
True
Is 7499761 prime?
False
Is 14144927 composite?
False
Is 8774483 a prime number?
True
Is 1780419 composite?
True
Is 4915679 prime?
False
Is 49177003 a composite number?
True
Is 47243059 composite?
True
Is 114766657 prime?
False
Is 20109381 a composite number?
True
Is 2146721 prime?
False
Is 3359237 composite?
True
Is 3752777 composite?
True
Is 21467 composite?
False
Is 28875257 prime?
False
Is 1642193 prime?
False
Is 260101 a composite number?
True
Is 13888165 prime?
False
Is 3606107 composite?
True
Is 267823 composite?
True
Is 190573 composite?
False
Is 36068005 a prime number?
False
Is 10058977 a prime number?
True
Is 82611443 prime?
False
Is 979171 a composite number?
False
Is 43439777 prime?
False
Is 481174091 prime?
True
Is 1740113 composite?
False
Is 727049 prime?
True
Is 32740679 a composite number?
True
Is 10521377 a composite number?
False
Is 5976541 a composite number?
False
Is 5271041 a prime number?
True
Is 69160027 composite?
False
Is 490183 a prime number?
True
Is 43042991 a prime number?
True
Is 12293999 a prime number?
False
Is 1718383063 composite?
False
Is 12881941 a composite number?
False
Is 135932471 composite?
False
Is 242967 a prime number?
False
Is 32966897 a composite number?
False
Is 38715353 composite?
False
Is 12077237 composite?
False
Is 1664309 composite?
True
Is 1718387 prime?
False
Is 27289497 composite?
True
Is 153504257 a prime number?
True
Is 5436227 prime?
False
Is 4395613 composite?
False
Is 5975477 a composite number?
True
Is 1024187 prime?
False
Is 6105107 a composite number?
True
Is 66569837 composite?
True
Is 1147558033 a composite number?
False
Is 183991809 prime?
False
Is 9698539 composite?
True
Is 5849149 a composite number?
False
Is 30633173 a composite number?
False
Is 20116441 a prime number?
True
Is 130068773 a composite number?
False
Is 31198273 a prime number?
False
Is 1916249 prime?
True
Is 3719461 composite?
False
Is 193411607 composite?
True
Is 780230695 prime?
False
Is 1662613 composite?
True
Is 265031213 a composite number?
False
Is 8041967 prime?
True
Is 1235011 a composite number?
True
Is 28358569 prime?
True
Is 5237789 composite?
False
Is 55103551 composite?
False
Is 38984219 composite?
True
Is 1507139 a prime number?
True
Is 20586499 a composite number?
True
Is 28401259 a prime number?
True
Is 26039873 prime?
True
Is 1813699 composite?
False
Is 1232417 a prime number?
True
Is 787019 a prime number?
False
Is 2790923 composite?
False
Is 4556729 prime?
True
Is 17534467 prime?
False
Is 61319513 composite?
True
Is 3578711 a composite number?
True
Is 36137635 prime?
False
Is 3656491 prime?
True
Is 285310801 a composite number?
True
Is 6153599 prime?
True
Is 24189427 a prime number?
False
Is 50733841 composite?
True
Is 162671 prime?
True
Is 658335781 prime?
True
Is 1788700553 prime?
True
Is 5537165 composite?
True
Is 32014093 prime?
True
Is 37072753 a prime number?
False
Is 349559 composite?
True
Is 83415551 prime?
True
Is 542363 composite?
True
Is 286424617 a prime number?
False
Is 3506549 composite?
False
Is 501941641 a prime number?
False
Is 1428151 composite?
False
Is 7840598 prime?
False
Is 10519771 a composite number?
False
Is 4626907 prime?
False
Is 52091 composite?
True
Is 26092343 prime?
True
Is 59804567 a composite number?
True
Is 173850953 composite?
True
Is 53267503 composite?
False
Is 11731589 a prime number?
True
Is 5943445 a prime number?
False
Is 93512959 a prime number?
True
Is 2358487 prime?
True
Is 801253 composite?
True
Is 22827043 composite?
True
Is 64143953 a composite number?
False
Is 10417993 a prime number?
True
Is 168488189 a composite number?
False
Is 110971577 composite?
False
Is 1413931 a prime number?
True
Is 50611459 a prime number?
False
Is 48390143 prime?
False
Is 9859807 composite?
False
Is 32057749 a composite number?
True
Is 8813239 a prime number?
False
Is 60737119 a composite number?
True
Is 5664359 prime?
True
Is 152591503 composite?
False
Is 735989 a composite number?
True
Is 6305807 a prime number?
False
Is 7640057 prime?
False
Is 4608843 a prime number?
False
Is 193188473 prime?
False
Is 863087 prime?
True
Is 3871271 a prime number?
True
Is 17853037 a composite number?
True
Is 1976591 a composite number?
True
Is 12632531 a composite number?
True
Is 8169745 a composite number?
True
Is 137131733 composite?
False
Is 56294561 composite?
False
Is 9966883 composite?
False
Is 33999739 composite?
True
Is 4396517 a prime number?
True
Is 265289851 prime?
True
Is 4207691 prime?
True
Is 5170373 prime?
False
Is 279130921 a composite number?
True
Is 31516297 prime?
True
Is 55168899 composite?
True
Is 24110971 prime?
True
Is 2569961 a composite number?
False
Is 14891255 a prime number?
False
Is 6940041 prime?
False
Is 7504235 composite?
True
Is 7678661 prime?
True
Is 100129 prime?
True
Is 1996271 prime?
False
Is 9283247 prime?
True
Is 25554149 a composite number?
True
Is 73511363 composite?
False
Is 38539717 a composite number?
False
Is 141160433 a prime number?
True
Is 134127137 a prime number?
False
Is 18035549 a prime number?
False
Is 1139909 prime?
True
Is 88711697 a prime number?
True
Is 5642459 a composite number?
False
Is 381613 a prime number?
False
Is 138959 a prime number?
True
Is 2008079 a prime number?
True
Is 956987 a prime number?
True
Is 1038561 a prime number?
False
Is 12453059 prime?
False
Is 40909091 composite?
True
Is 23048477 a composite number?
False
Is 3474841 a composite number?
False
Is 175658699 prime?
True
Is 32325103 prime?
False
Is 3239869 a composite number?
True
Is 146995363 a composite number?
False
Is 18372953 prime?
True
Is 197855233 a prime number?
False
Is 2419553 composite?
False
Is 54035783 prime?
False
Is 3101141 a composite number?
False
Is 117383647 a prime number?
False
Is 166646782 composite?
True
Is 6237629 prime?
True
Is 23760379 a prime number?
True
Is 2888909 composite?
False
Is 142739386 composite?
True
Is 2460373 a composite number?
False
Is 213411041 prime?
True
Is 6849647 prime?
False
Is 25408991 a composite number?
True
Is 224871